ed by 20?
19
What is the remainder when 779 is divided by 99?
86
What is the remainder when 7685 is divided by 6?
5
What is the remainder when 627 is divided by 21?
18
Calculate the remainder when 299 is divided by 32.
11
Calculate the remainder when 250 is divided by 45.
25
Calculate the remainder when 188 is divided by 87.
14
What is the remainder when 1073 is divided by 264?
17
Calculate the remainder when 77 is divided by 61.
16
Calculate the remainder when 233 is divided by 52.
25
What is the remainder when 610 is divided by 102?
100
Calculate the remainder when 15 is divided by 11.
4
Calculate the remainder when 370 is divided by 151.
68
What is the remainder when 322 is divided by 28?
14
Calculate the remainder when 313 is divided by 35.
33
What is the remainder when 208 is divided by 70?
68
Calculate the remainder when 305 is divided by 78.
71
What is the remainder when 564 is divided by 143?
135
What is the remainder when 670 is divided by 21?
19
What is the remainder when 387 is divided by 36?
27
What is the remainder when 1416 is divided by 93?
21
What is the remainder when 527 is divided by 22?
21
What is the remainder when 127 is divided by 48?
31
What is the remainder when 190 is divided by 173?
17
Calculate the remainder when 376 is divided by 155.
66
Calculate the remainder when 26 is divided by 20.
6
What is the remainder when 1003 is divided by 101?
94
Calculate the remainder when 733 is divided by 3.
1
Calculate the remainder when 189 is divided by 52.
33
What is the remainder when 5912 is divided by 422?
4
Calculate the remainder when 38 is divided by 12.
2
Calculate the remainder when 27788 is divided by 70.
68
Calculate the remainder when 44 is divided by 16.
12
What is the remainder when 66 is divided by 46?
20
What is the remainder when 311 is divided by 172?
139
What is the remainder when 79 is divided by 20?
19
What is the remainder when 1674 is divided by 25?
24
What is the remainder when 67 is divided by 14?
11
Calculate the remainder when 697 is divided by 10.
7
What is the remainder when 730 is divided by 47?
25
Calculate the remainder when 2319 is divided by 40.
39
What is the remainder when 206 is divided by 11?
8
Calculate the remainder when 1382 is divided by 24.
14
What is the remainder when 317 is divided by 30?
17
What is the remainder when 396 is divided by 19?
16
Calculate the remainder when 167 is divided by 7.
6
Calculate the remainder when 230 is divided by 5.
0
Calculate the remainder when 346 is divided by 303.
43
What is the remainder when 1717 is divided by 73?
38
Calculate the remainder when 206 is divided by 72.
62
Calculate the remainder when 12074 is divided by 115.
114
What is the remainder when 296 is divided by 104?
88
What is the remainder when 2052 is divided by 10?
2
What is the remainder when 1140 is divided by 1134?
6
Calculate the remainder when 28 is divided by 20.
8
Calculate the remainder when 423 is divided by 106.
105
Calculate the remainder when 20 is divided by 10.
0
Calculate the remainder when 294 is divided by 145.
4
Calculate the remainder when 49 is divided by 19.
11
What is the remainder when 304 is divided by 42?
10
Calculate the remainder when 1405 is divided by 4.
1
What is the remainder when 459 is divided by 15?
9
Calculate the remainder when 749 is divided by 89.
37
What is the remainder when 351 is divided by 113?
12
What is the remainder when 330 is divided by 109?
3
Calculate the remainder when 538 is divided by 79.
64
Calculate the remainder when 579 is divided by 129.
63
Calculate the remainder when 1362 is divided by 13.
10
Calculate the remainder when 840 is divided by 65.
60
Calculate the remainder when 6367 is divided by 91.
88
Calculate the remainder when 847 is divided by 33.
22
What is the remainder when 312 is divided by 129?
54
Calculate the remainder when 88 is divided by 30.
28
Calculate the remainder when 4253 is divided by 8.
5
Calculate the remainder when 6729 is divided by 66.
63
Calculate the remainder when 6794 is divided by 126.
116
Calculate the remainder when 323 is divided by 41.
36
Calculate the remainder when 125 is divided by 9.
8
Calculate the remainder when 140 is divided by 24.
20
What is the remainder when 9912 is divided by 4951?
10
Calculate the remainder when 1706 is divided by 2.
0
Calculate the remainder when 159 is divided by 44.
27
What is the remainder when 1143 is divided by 32?
23
Calculate the remainder when 958 is divided by 8.
6
What is the remainder when 1404 is divided by 19?
17
What is the remainder when 665 is divided by 38?
19
What is the remainder when 245 is divided by 166?
79
Calculate the remainder when 67 is divided by 34.
33
What is the remainder when 1074 is divided by 120?
114
What is the remainder when 46853 is divided by 8?
5
Calculate the remainder when 4854 is divided by 27.
21
Calculate the remainder when 165 is divided by 34.
29
What is the remainder when 37 is divided by 23?
14
Calculate the remainder when 5391 is divided by 5382.
9
What is the remainder when 3252 is divided by 403?
28
What is the remainder when 320 is divided by 19?
16
What is the remainder when 16519 is divided by 20?
19
Calculate the remainder when 118 is divided by 44.
30
Calculate the remainder when 274 is divided by 6.
4
What is the remainder when 6091 is divided by 510?
481
Calculate the remainder when 405 is divided by 194.
17
Calculate the remainder when 70 is divided by 12.
10
What is the remainder when 10823 is divided by 22?
21
Calculate the remainder when 600 is divided by 86.
84
What is the remainder when 1049 is divided by 10?
9
Calculate the remainder when 2521 is divided by 37.
5
Calculate the remainder when 1464 is divided by 385.
309
What is the remainder when 384 is divided by 88?
32
What is the remainder when 2372 is divided by 108?
104
What is the remainder when 50 is divided by 27?
23
What is the remainder when 431 is divided by 135?
26
Calculate the remainder when 152 is divided by 39.
35
Calculate the remainder when 10076 is divided by 96.
92
What is the remainder when 151 is divided by 27?
16
Calculate the remainder when 396 is divided by 361.
35
Calculate the remainder when 473 is divided by 73.
35
Calculate the remainder when 3875 is divided by 102.
101
Calculate the remainder when 336 is divided by 31.
26
Calculate the remainder when 619 is divided by 104.
99
What is the remainder when 783 is divided by 146?
53
Calculate the remainder when 18 is divided by 11.
7
Calculate the remainder when 565 is divided by 11.
4
What is the remainder when 34 is divided by 11?
1
Calculate the remainder when 2503 is divided by 824.
31
What is the remainder when 676 is divided by 12?
4
What is the remainder when 2596 is divided by 55?
11
Calculate the remainder when 922 is divided by 118.
96
What is the remainder when 1512 is divided by 20?
12
Calculate the remainder when 1274 is divided by 51.
50
Calculate the remainder when 2189 is divided by 168.
5
Calculate the remainder when 546 is divided by 132.
18
Calculate the remainder when 525 is divided by 24.
21
Calculate the remainder when 2075 is divided by 103.
15
What is the remainder when 321 is divided by 84?
69
Calculate the remainder when 706 is divided by 706.
0
Calculate the remainder when 832 is divided by 22.
18
Calculate the remainder when 168 is divided by 52.
12
Calculate the remainder when 1286 is divided by 106.
14
Calculate the remainder when 493 is divided by 92.
33
What is the remainder when 6531 is divided by 22?
19
What is the remainder when 36 is divided by 28?
8
Calculate the remainder when 408 is divided by 45.
3
What is the remainder when 158 is divided by 9?
5
Calculate the remainder when 166 is divided by 48.
22
What is the remainder when 1688 is divided by 287?
253
What is the remainder when 249 is divided by 14?
11
Calculate the remainder when 3658 is divided by 141.
133
Calculate the remainder when 15363 is divided by 197.
194
What is the remainder when 164 is divided by 34?
28
Calculate the remainder when 8423 is divided by 27.
26
Calculate the remainder when 210 is divided by 76.
58
What is the remainder when 400 is divided by 51?
43
Calculate the remainder when 3817 is divided by 67.
65
Calculate the remainder when 474 is divided by 195.
84